nd k?
10
Suppose 3*l - 1 = 8. Suppose 0 = -6*q + l*q. Let b be 22*(q - (2 - 3)). What is the greatest common divisor of 55 and b?
11
Suppose 3*o + 3*l - 20 = 4*o, -4*l = 3*o + 8. Let w = o - -20. Calculate the greatest common factor of w and 36.
12
Let v be (0 - (-9)/3) + 4. Let w be ((-8)/(-10))/(2/(-10)). Let p = w + v. Calculate the greatest common divisor of p and 21.
3
Let p be (-1)/2 - (-14)/4. Let y be (-2)/p*6/4. Let d = y + 3. Calculate the greatest common factor of d and 18.
2
Let s(y) = -y**3 - 3*y**2 - 8*y - 1. Let x be s(-6). Calculate the highest common divisor of 31 and x.
31
Let v be (9/(-27))/((-2)/(-42)). Let l = 7 + v. Suppose -18 = -i - l*i. What is the greatest common factor of i and 18?
18
Let a(m) be the first derivative of m**3 + 3*m**2/2 + 3. Let l be a(-2). Calculate the greatest common divisor of 54 and l.
6
Suppose -z - 4*i + 71 = -94, z = 4*i + 125. What is the greatest common factor of 58 and z?
29
Let w(x) = -2*x**2 + 2*x - 3. Let q be w(-3). Let c = -12 - q. Suppose 2*z + 7 = 3*d, 0 = 4*d + d - 5*z - 10. What is the highest common factor of d and c?
3
Let l be 2*(-2)/2 - -29. Let u = 4 + -2. Suppose 5*i = u*c - 46, i - 70 = -4*c - 0*c. Calculate the greatest common factor of c and l.
9
Suppose 0 = -2*v + 4, -2*u - 3 = -4*v + 1. Let r be (3/2 + -2)*-4. Suppose 32 = u*j - r*x, -j + 2*x + 14 = -6. What is the highest common factor of j and 12?
12
Suppose -2*d - d + 18 = 0. Suppose -7 - 3 = -2*x. Let b(o) = -o**2 + 7*o - 4. Let v be b(x). Calculate the greatest common divisor of d and v.
6
Suppose -7*n - 252 = -14*n. Calculate the greatest common factor of 4 and n.
4
Let y = -5 + 5. Let l(d) = d + 28. Let i be l(y). Calculate the highest common factor of 70 and i.
14
Suppose -116 = -3*g + 115. Let n be -22*(2/4 - 1). Suppose 0 = 2*m - m - n. What is the highest common factor of g and m?
11
Suppose 26 = 25*v - 74. Let k(n) = -5*n. Let i be k(-4). What is the highest common divisor of v and i?
4
Let l be 0 - 1*2*-1. Suppose 0*r + 4 = l*r. What is the greatest common factor of r and 4?
2
Suppose -8*q - 726 = -5*i - 5*q, -2*q - 436 = -3*i. What is the greatest common factor of 36 and i?
36
Let s = 19 + -10. Let j(c) be the first derivative of c**4/2 - c**3 + 3*c**2/2 + 7*c + 7. Let h be j(4). What is the greatest common factor of s and h?
9
Suppose 5*y - y = 3*g + 3, 3*y = 3*g. Suppose -k + 0*k = -g. Suppose k*r - 91 - 41 = 0. Calculate the highest common factor of 4 and r.
4
Let t be ((-32)/(-40))/((-4)/(-30)). What is the greatest common factor of 30 and t?
6
Suppose -2*x - 25 = -3*y, 5 = -6*y + 2*y - 5*x. Let o(h) = -h**2 + 4*h + 5. Let s be o(4). What is the highest common divisor of y and s?
5
Let w be (-2)/(8/(-12)) + 195. Calculate the greatest common factor of 18 and w.
18
Let o(s) = 4*s. Let g be o(1). Suppose -r - 5*b = r - 4, 0 = -b - g. Calculate the highest common divisor of r and 6.
6
Let l(g) = g**2 - 3*g - 7. Let x be l(5). Suppose -4*w = -5*k + x*k - 42, -3*k - 9 = 0. What is the greatest common factor of 27 and w?
9
Suppose 3*b = -2*p + 52, 2*p + 0*p + 5*b = 52. Suppose 0*y - 4 = -2*y. Let t be (2 - y) + (15 - 2). What is the highest common divisor of t and p?
13
Suppose 2*q = -50 + 320. What is the greatest common factor of 27 and q?
27
Let v = -39 - -174. What is the highest common factor of v and 15?
15
Suppose -4*f + 9*f = 25. Suppose 4*g - f*q = 27, 3*g + 18 = 4*g - 5*q. What is the highest common factor of 15 and g?
3
Let k(i) = 2*i**2 + 14*i + 19. Let n be k(-9). Calculate the greatest common divisor of n and 22.
11
Suppose -2*y + 234 = 2*j, 2*y + 366 = 2*j + j. Calculate the highest common factor of 30 and j.
30
Let v(z) = z + 18. Let f be v(0). Suppose -5*s + f = -2*s. Let u be (-4)/14 + 380/7. What is the highest common factor of u and s?
6
Let z = 21 - -5. Let t be 39/(-4) - 1/4. Let i = z + t. What is the greatest common factor of i and 24?
8
Suppose 15*c - 2*c = 260. What is the greatest common factor of c and 5?
5
Suppose -m + 2*m = 20. Suppose -f + 0*f + 7 = 0. Let c = 15 - f. Calculate the greatest common factor of c and m.
4
Let s be (15/(-6))/((-2)/16). Suppose 2*c = -14 + 134. What is the greatest common factor of s and c?
20
Suppose -10*i = 6*i - 112. Let p be (35/(-4))/((-2)/8). Calculate the greatest common divisor of p and i.
7
Suppose -3*g + 2*g = -10. Suppose 4*u + 15 = u, 5*v - 10 = 4*u. Let p be (20 - (v + 1)) + -1. Calculate the greatest common divisor of p and g.
10
Let n(g) = g**2 + 7*g + 6. Let m be n(-8). Let z = 1 + 4. Suppose 2*y + 2*q - 130 = 0, -3*y + z*q + 165 = -y. Calculate the highest common divisor of m and y.
14
Suppose -21 = -2*y - 7. Let p = -18 - 14. Let o = p + 102. Calculate the greatest common factor of y and o.
7
Suppose 5*w = 2*w + 39. Let y be (-1174)/(-10) + (-10)/25. What is the highest common factor of y and w?
13
Suppose 11 = 5*s - 3*o, 2*o - 2 = -4*s + o. Suppose -4*n - 11 = -31. Calculate the highest common factor of s and n.
1
Let d be ((0 - 6) + -4)*6/(-5). Calculate the greatest common factor of 192 and d.
12
Let b(u) = -u**3 + 8*u**2 + 2*u - 3. Let y = -4 + 10. Let l be b(y). Calculate the greatest common divisor of 9 and l.
9
Let z(i) = 9*i - 6. Let g be z(4). Calculate the highest common divisor of 10 and g.
10
Let p = 41 - 3. Let c be p/2 + (-2)/1. Suppose 0 = 4*w - 2*w - 136. What is the greatest common divisor of c and w?
17
Let a be -1 + (1 + 34 - 1). Let y(m) = -3*m + 12. Let c be y(10). Let w be (-156)/(-7) + c/63. What is the highest common factor of w and a?
11
Suppose 0 = -2*x + 3*x + 6. Let n = -2 - x. Suppose 0 = h - n - 1. Calculate the highest common factor of 1 and h.
1
Let o = 1 - -15. Let u be 20/3*(-96)/(-10). What is the highest common divisor of o and u?
16
Let o = -6 - -39. Calculate the greatest common divisor of o and 3.
3
Let c be 0/(7 - (-3 + 7)). Suppose c = -u + 5*b - 6, 6*b = -u + 3*b + 10. What is the highest common factor of 4 and u?
4
Suppose 4*x - 3*b = 3*x + 81, 0 = 5*x - 3*b - 393. What is the highest common factor of x and 6?
6
Suppose m = -3*d + 63, 5*d + m = 4*m + 105. Suppose 4*f = -2*h + 3*h - 4, -5*f + d = 2*h. What is the highest common factor of h and 56?
8
Suppose 5*p + 0*p = 160. Calculate the highest common divisor of 8 and p.
8
Let g = -4 - -6. Suppose -g*n - 3*n + 5 = 0. Let s be (n - -34)/(0 + 1). Calculate the highest common factor of 5 and s.
5
Let z be (-10)/35 + (-2468)/(-14). Suppose 2*m - 20 = z. What is the greatest common divisor of 14 and m?
14
Suppose 13 = 4*k - k - 2*h, 3*h + 6 = 0. What is the highest common divisor of 9 and k?
3
Suppose -2*u = u - i - 52, 82 = 4*u + 5*i. Calculate the highest common factor of 6 and u.
6
Suppose -60 = -2*a - 24. Suppose 3*n - 15 = a. Let q(b) = -23*b + 9. Let t be q(-2). What is the highest common factor of t and n?
11
Let j(u) = u**3 + 4*u**2 - u - 4. Let d be j(-3). Let o = -7 - -11. Suppose 3*y - 54 = -3*q, 8 = q - 0*y - o*y. Calculate the highest common factor of d and q.
8
Let g(r) = -r**3 + 8*r**2 + r + 7. Suppose -3*a - 24 = -5*a + 5*o, 3*o - 29 = -5*a. Let n be g(a). What is the greatest common factor of 9 and n?
9
Let u(j) = 5*j**2 + 3*j - 1. Let g be u(-2). What is the highest common factor of 26 and g?
13
Suppose -7 = -2*o + 7. Let g be o - (-1 + (0 - 1)). What is the greatest common divisor of g and 27?
9
Let d be 1*(-3)/(-6)*16. Calculate the highest common divisor of 20 and d.
4
Let z be (-7)/(-4) - 2/(-8). Let o(x) = 3*x - 3. Let m be o(z). Suppose -2*c = m*v - c - 35, 2*v = 5*c - 5. Calculate the highest common divisor of 10 and v.
10
Suppose -3*z - 2*z + 10 = -5*t, 2 = -2*t. Let c be 2 - ((-16)/(-1))/z. Let n be (-4)/c + (-57)/(-21). Calculate the greatest common divisor of 3 and n.
3
Suppose 3*u - 3*y = -0*y + 18, 2*y + 28 = 4*u. Suppose -o + 2*o - u = 0. What is the greatest common divisor of o and 56?
8
Let h(x) = 2*x - 7. Let b be h(-5). Let j = 31 + b. What is the greatest common divisor of 70 and j?
14
Suppose 0 = j - 2*j + 11. Let h = 84 + -29. What is the highest common divisor of j and h?
11
Let r(i) = i**3 - 5*i**2 - i + 5. Let o be r(5). Let w(b) = o - 2*b + 54*b**2 + 24*b**2 + 1. Let l be w(1). What is the greatest common factor of 7 and l?
7
Let y(x) = x**3 - 4*x**2 - 8*x - 1. Let d be y(6). What is the greatest co